00000100?
-1001010011100001
In base 2, what is 1111 + 11110010000011110?
11110010000101101
In base 5, what is 3243241003 + 4?
3243241012
In base 6, what is 1333544 - 2353?
1331151
In base 12, what is 9822925 - 0?
9822925
In base 10, what is -69314 + -899?
-70213
In base 10, what is -87 + 149905?
149818
In base 3, what is 120002110122221 + 1021?
120002110201012
In base 14, what is 220673bd + -5?
220673b8
In base 14, what is 2acd8 + 4c?
2ad46
In base 11, what is -12930550 - 7?
-12930557
In base 8, what is -6 + 22364032?
22364024
In base 2, what is -10011011101100111011 - -111010?
-10011011101100000001
In base 16, what is -95aa0d + -16?
-95aa23
In base 10, what is -582918 - 38?
-582956
In base 3, what is -12122220 - 200021?
-20100011
In base 8, what is -6573643317 + -1?
-6573643320
In base 11, what is 196a099a - -2?
196a09a1
In base 14, what is c2909 + -1b?
c28cc
In base 4, what is -231300203 + 300?
-231233303
In base 11, what is -8158 + -406a?
-11217
In base 2, what is -1110111101110 + 1011010100100?
-11101001010
In base 15, what is -14 + -b731a2?
-b731b6
In base 2, what is 1101100101100001010 + 1000000?
1101100101101001010
In base 9, what is 0 - -5466867?
5466867
In base 3, what is 101200121121010 - 1?
101200121121002
In base 14, what is -4cc8a5 - 6?
-4cc8ab
In base 15, what is -b - 23eb31?
-23eb3c
In base 6, what is 3 + 5053132?
5053135
In base 5, what is 12 - -11221414240?
11221414302
In base 11, what is -722869 + -2?
-722870
In base 8, what is 325 - 132410?
-132063
In base 5, what is 1142 - -211023410?
211030102
In base 13, what is 28 + 6172?
619a
In base 5, what is 0 + 114442304?
114442304
In base 6, what is 135 - -150455115?
150455254
In base 4, what is 3 + 1001003112222?
1001003112231
In base 9, what is 10256 + 2550?
12816
In base 4, what is 1 + -322110100221?
-322110100220
In base 10, what is -1212840 - -33?
-1212807
In base 4, what is 113121200 + 1133321?
120321121
In base 12, what is 7 + -3074205?
-30741ba
In base 2, what is 11001110011 + -10100110111010?
-10001101000111
In base 7, what is 3 - 16420602?
-16420566
In base 15, what is 1dd13a + ec?
1dd237
In base 5, what is -2340 + 1020024422?
1020022032
In base 11, what is 46a - -84a04a?
84a509
In base 5, what is 2043 + 44003112?
44010210
In base 10, what is -257 - 208597?
-208854
In base 13, what is 149c - -1c95?
3464
In base 9, what is 11687 - 3414?
7273
In base 8, what is -3 + 116443611?
116443606
In base 16, what is b8 + d177?
d22f
In base 14, what is -3049 - -1000?
-2049
In base 11, what is 17879341 - -5?
17879346
In base 5, what is -30423243 - -2331?
-30420412
In base 3, what is 11222221102102 + -20?
11222221102012
In base 13, what is -623 + 9593?
8c70
In base 14, what is 25b - -3c6?
643
In base 10, what is -480 + 6539?
6059
In base 8, what is -164 + -7033567?
-7033753
In base 3, what is 2121220200 + -202200?
2121011000
In base 8, what is 175155531 + -3?
175155526
In base 6, what is -232245 - -2252?
-225553
In base 9, what is -21166812 - -2?
-21166810
In base 8, what is -2447232 + 6?
-2447224
In base 14, what is 3 - 3784624?
-3784621
In base 5, what is -23303400112 - -20?
-23303400042
In base 10, what is 559912 - 45?
559867
In base 16, what is 8647 - 19c3?
6c84
In base 16, what is -77 + -15f0?
-1667
In base 8, what is 236701150 - -4?
236701154
In base 16, what is 1 + -1d57d8?
-1d57d7
In base 15, what is 5 - -507591?
507596
In base 11, what is 1 - 47205271?
-47205270
In base 14, what is 9d4 - -2782?
3376
In base 2, what is -1110000011101000111010 + -101?
-1110000011101000111111
In base 13, what is 1357787 + -2?
1357785
In base 5, what is 2 - 2211244312?
-2211244310
In base 16, what is -d5fc + 28?
-d5d4
In base 15, what is -2 + -e1542a?
-e1542c
In base 4, what is -1133322 - 23102?
-1223030
In base 5, what is 114222 - 11244?
102423
In base 5, what is 213220141121 - 0?
213220141121
In base 6, what is -45 + -41431035?
-41431124
In base 3, what is 10000 + -1200210012120?
-1200210002120
In base 2, what is 100100101 + -100110010111111101010?
-100110010111011000101
In base 14, what is -5 - -8ccac8?
8ccac3
In base 6, what is 11 + -2340350?
-2340335
In base 3, what is -1012 - 111100002022?
-111100010111
In base 14, what is 11aa4750 - 2?
11aa474c
In base 13, what is -22 + 5764454?
5764432
In base 12, what is -69 - -161a2?
16135
In base 3, what is -1210112 + 12110022?
10122210
In base 6, what is 35421 + 4243?
44104
In base 7, what is -2015263 - 3660?
-2022253
In base 16, what is 48baf + 3a0?
48f4f
In base 9, what is 25641 + 16?
25657
In base 9, what is 0 - 4012027?
-4012027
In base 15, what is -184b34a + -2?
-184b34c
In base 14, what is -9 + -316443?
-31644c
In base 10, what is 1904 - -15156?
17060
In base 9, what is 1 + 246107863?
246107864
In base 10, what is 1031021 - -66?
1031087
In base 9, what is -30253447 + -14?
-30253462
In base 7, what is 12106 - -5206?
20315
In base 8, what is 117102003 - -4?
117102007
In base 11, what is 77 - -a167?
a233
In base 14, what is -9 + 1b19b84?
1b19b79
In base 14, what is 3321 - -3d9?
371a
In base 2, what is -1101001001001010011000 - 111101110?
-1101001001010010000110
In base 6, what is 13 - -32511534?
32511551
In base 5, what is -3411321 + -4122?
-3420443
In base 12, what is -a95b554 + -6?
-a95b55a
In base 9, what is 5 - -505718170?
505718175
In base 7, what is -34 - 130350?
-130414
In base 7, what is -6255212 - 131?
-6255343
In base 16, what is -85 - -1b036?
1afb1
In base 5, what is -3042 + 13220333?
13212241
In base 7, what is 4 + 615334045?
615334052
In base 5, what is -102 + 1033331133?
1033331031
In base 2, what is -1001 - -111100100001111111110?
111100100001111110101
In base 15, what is 6aa - -41d06?
424b1
In base 6, what is 442540 - -4345?
451325
In base 3, what is 10120010021 + 22100?
10120102121
In base 11, what is -1107a276 - -a?
-1107a267
In base 6, what is 3210014 - 113250?
3052324
In base 15, what is -50 - -2b1b0?
2b160
In base 3, what is -1202221 - -21100120?
12120122
In base 9, what is 203074217 - 0?
203074217
In base 2, what is 10110101001 + -101011001110?
-10100100101
In base 8, what is 126 - 1175434?
-1175306
In base 12, what is -7aa374 - -b9?
-7aa277
In base 4, what is 2 + 11001303133?
11001303201
In base 5, what is -2331120223101 - -1?
-2331120223100
In base 11, what is -95 - -1a4aaa?
1a4a15
In base 10, what is 2 - 43917291?
-43917289
In base 11, what is -4 + 5a838723?
5a83871a
In base 9, what is -14227055 - -4?
-14227051
In base 2, what is 11100111 - 11011111000110?
-11011011011111
In base 7, what is 121043635 + 5?
121043643
In base 9, what is 256744 - 287?
256446
In base 10, what is -110357 - 2822?
-113179
In base 3, what is -212 - 2200111100011?
-2200111101000
In base 5, what is 42033 - -34014031?
34111114
In base 3, what is 220020 + -1021221010?
-1021000220
In base 16, what is 22edea0 + 0?
22edea0
In base 5, what is 222411301032 + -1?
222411301031
In base 15, what is -ab084 - -c?
-ab077
In base 14, what is -3b - -c262d?
c25d2
In base 3, what is 20 + 102022110122221?
102022110200011
In base 3, what is 12201110 - 20121022021?
-20101120211
In base 16, what is -1b9e + -80fd?
-9c9b
In base 8, what is -202225 - 65?
-202312
In base 16, what is -1e - -545de?
545c0
In base 16, what is -18 - -199692?
19967a
In base 6, what is -21133 + -25445?
-51022
In base 15, what is -4813380 + -5?
-4813385
In base 6, what is -10032332 - -1553?
-10030335
In base 9, what is -172 + 2205788?
2205616
In base 3, what is 1212 - 111112212001?
-111112210012
In base 15, what is 74c + -7978?
-722b
In base 9, what is -10833502 + -3?
-10833505
In base 3, what is 2 - -112112100210212?
112112100210221
In base 3, what is -11 - 1012000011111?
-1012000011122
In base 8, what is 5 - -462631433?
462631440
In base 5, what is 1030443 + -2432102?
-1401104
In base 14, what is -d6d - 317c?
-410b
In base 13, what is 18919 - 155?
18794
In base 10, what is -50013 - 2187?
-52200
In base 6, what is 12 + 200225343?
200225355
In base 2, what is 1000000001001100 + -10?
1000000001001010
In base 10, what is 130712 + -1323?
129389
In base 3, what is -11022002212 - -12?
-11022002200
In base 16, what is ee - -2150b?
215f9
In base 4, what is 2003213 + -1313?
2001300
In base 9, what is -22887308 + -3?
-22887312
In base 12, what is -69 - 26a770?
-26a819
In base 16, what is 0 + -274d7?
-274d7
